ate the highest common divisor of 1080 and 45.
45
What is the highest common divisor of 120 and 1415?
5
Calculate the greatest common factor of 96 and 4704.
96
Calculate the greatest common divisor of 1362 and 6.
6
Calculate the greatest common divisor of 3213 and 945.
189
Calculate the greatest common divisor of 96 and 612.
12
Calculate the greatest common factor of 8 and 88.
8
Calculate the highest common divisor of 46 and 207.
23
Calculate the greatest common factor of 1050 and 1650.
150
Calculate the highest common divisor of 1472 and 128.
64
Calculate the greatest common factor of 48 and 42.
6
Calculate the greatest common divisor of 18 and 153.
9
Calculate the highest common factor of 31 and 899.
31
What is the greatest common divisor of 360 and 288?
72
Calculate the highest common divisor of 14391 and 63.
9
What is the highest common divisor of 174 and 60?
6
Calculate the highest common divisor of 3717 and 21.
21
Calculate the highest common factor of 21 and 77.
7
What is the highest common factor of 460 and 23?
23
Calculate the greatest common factor of 56 and 266.
14
Calculate the greatest common divisor of 153 and 493.
17
What is the greatest common divisor of 119 and 68?
17
Calculate the greatest common factor of 12388 and 4.
4
Calculate the highest common factor of 525 and 273.
21
Calculate the greatest common factor of 1089 and 990.
99
What is the greatest common divisor of 27792 and 288?
144
What is the highest common factor of 42 and 12?
6
What is the highest common divisor of 175 and 105?
35
Calculate the greatest common divisor of 17 and 153.
17
What is the greatest common divisor of 260 and 10270?
130
What is the greatest common factor of 11 and 176?
11
What is the greatest common factor of 176 and 32?
16
Calculate the greatest common factor of 13 and 12883.
13
Calculate the highest common divisor of 3616 and 113.
113
What is the greatest common factor of 44 and 110?
22
Calculate the greatest common factor of 99 and 19206.
99
What is the greatest common divisor of 312 and 117?
39
Calculate the highest common factor of 3729 and 452.
113
What is the highest common divisor of 1500 and 60?
60
Calculate the highest common divisor of 340 and 578.
34
Calculate the highest common factor of 24 and 24.
24
Calculate the greatest common divisor of 365 and 25.
5
What is the greatest common divisor of 69 and 529?
23
Calculate the greatest common factor of 3596 and 992.
124
Calculate the highest common divisor of 45 and 369.
9
Calculate the highest common factor of 544 and 102.
34
Calculate the greatest common divisor of 8900 and 175.
25
What is the highest common divisor of 429 and 117?
39
Calculate the highest common divisor of 56 and 308.
28
What is the greatest common factor of 119 and 63?
7
Calculate the highest common factor of 253 and 1886.
23
Calculate the highest common divisor of 2 and 5.
1
What is the highest common divisor of 37566 and 18?
18
Calculate the highest common divisor of 66 and 4994.
22
Calculate the highest common factor of 2 and 440.
2
Calculate the greatest common factor of 63 and 28.
7
What is the highest common divisor of 3096 and 11696?
344
Calculate the highest common factor of 50 and 13925.
25
What is the highest common factor of 174 and 638?
58
What is the greatest common divisor of 187 and 7361?
17
Calculate the greatest common divisor of 5 and 60.
5
Calculate the highest common divisor of 112 and 434.
14
Calculate the greatest common factor of 434 and 93.
31
What is the highest common factor of 1393 and 7?
7
What is the greatest common factor of 133 and 56?
7
What is the greatest common factor of 189 and 672?
21
Calculate the highest common divisor of 252 and 189.
63
Calculate the highest common divisor of 1124 and 4.
4
Calculate the greatest common factor of 1136 and 24.
8
Calculate the highest common factor of 4860 and 75.
15
Calculate the highest common factor of 968 and 792.
88
Calculate the greatest common factor of 31 and 279.
31
Calculate the greatest common divisor of 374 and 170.
34
What is the greatest common factor of 78 and 6?
6
Calculate the greatest common divisor of 1840 and 20.
20
Calculate the highest common divisor of 493 and 68.
17
What is the greatest common factor of 11 and 6875?
11
What is the highest common factor of 124 and 775?
31
What is the greatest common factor of 204 and 192?
12
Calculate the greatest common divisor of 105 and 30.
15
What is the highest common divisor of 8362 and 185?
37
What is the highest common factor of 851 and 37?
37
What is the highest common divisor of 196 and 112?
28
What is the greatest common factor of 55 and 9955?
55
What is the highest common divisor of 340 and 136?
68
Calculate the greatest common divisor of 189 and 675.
27
What is the highest common factor of 240 and 15?
15
Calculate the highest common divisor of 96 and 6.
6
What is the highest common divisor of 611 and 13?
13
Calculate the highest common divisor of 25 and 390.
5
What is the highest common factor of 513 and 95?
19
Calculate the greatest common factor of 7539 and 546.
21
What is the highest common divisor of 14601 and 3?
3
Calculate the highest common divisor of 4781 and 112.
7
What is the greatest common factor of 303 and 808?
101
Calculate the greatest common factor of 112 and 357.
7
Calculate the greatest common factor of 87 and 2581.
29
Calculate the highest common factor of 3626 and 222.
74
What is the greatest common factor of 2 and 542?
2
What is the greatest common divisor of 584 and 24?
8
What is the highest common factor of 608 and 24?
8
Calculate the greatest common factor of 264 and 462.
66
Calculate the highest common divisor of 454 and 4.
2
Calculate the highest common divisor of 17875 and 143.
143
What is the highest common factor of 30 and 6015?
15
Calculate the highest common divisor of 510 and 60.
30
Calculate the greatest common divisor of 220 and 80.
20
Calculate the greatest common divisor of 32 and 32.
32
What is the greatest common divisor of 68 and 2992?
68
Calculate the highest common factor of 240 and 96.
48
Calculate the highest common divisor of 2176 and 408.
136
What is the greatest common factor of 2120 and 5?
5
Calculate the greatest common factor of 429 and 234.
39
What is the greatest common factor of 1073 and 74?
37
What is the greatest common factor of 285 and 30?
15
What is the highest common factor of 1075 and 43?
43
What is the highest common factor of 1138 and 2?
2
What is the greatest common factor of 2 and 197?
1
What is the greatest common divisor of 943 and 41?
41
What is the greatest common factor of 77 and 352?
11
What is the highest common divisor of 44 and 52?
4
What is the greatest common factor of 56 and 84?
28
Calculate the greatest common divisor of 732 and 12.
12
What is the highest common divisor of 20 and 155?
5
What is the greatest common divisor of 33 and 7524?
33
Calculate the greatest common divisor of 13455 and 46.
23
Calculate the highest common divisor of 48 and 24.
24
What is the highest common factor of 80 and 20?
20
Calculate the highest common divisor of 10 and 60.
10
Calculate the highest common factor of 2 and 118.
2
Calculate the greatest common factor of 290 and 58.
58
Calculate the greatest common divisor of 2563 and 11.
11
Calculate the greatest common factor of 5575 and 100.
25
What is the greatest common factor of 4 and 1?
1
Calculate the highest common factor of 2628 and 96.
12
What is the greatest common factor of 39 and 221?
13
Calculate the highest common factor of 33 and 15807.
33
Calculate the highest common divisor of 2356 and 19.
19
Calculate the greatest common factor of 49 and 7.
7
Calculate the highest common divisor of 3592 and 8.
8
Calculate the greatest common divisor of 610 and 7198.
122
Calculate the greatest common factor of 58 and 493.
29
Calculate the highest common divisor of 1130 and 40.
10
What is the greatest common divisor of 378 and 1080?
54
What is the greatest common factor of 828 and 1428?
12
What is the highest common divisor of 4718 and 14?
14
Calculate the greatest common factor of 19 and 5.
1
Calculate the greatest common divisor of 33 and 1078.
11
What is the greatest common divisor of 52 and 39?
13
What is the greatest common divisor of 1189 and 87?
29
Calculate the highe